s the highest common factor of s and z?
34
Let d = 102 + 15. What is the highest common factor of d and 18?
9
Suppose -6*q - 61 = -313. Suppose 12*r - 276 - 4260 = 0. Calculate the highest common factor of q and r.
42
Let i be 2*(-3)/((-15)/940). What is the highest common divisor of 8 and i?
8
Suppose 4*x - 35 = 33. Suppose -13*d + x*d - 204 = 0. What is the greatest common divisor of d and 17?
17
Let k be 22 - 22 - (-3 + 461*-3). What is the greatest common factor of k and 42?
42
Let w(i) = i**3 - 6*i**2 + 2*i + 17. Let n be w(5). Suppose -3*j + 48 = 4*d, 0 = 5*d + 3*j + n*j - 55. What is the greatest common factor of d and 3?
3
Let c(n) = -n**3 - n**2 + 56. Let y be c(0). Suppose -d + y = -10. Suppose -2*v = -0*v - 12. Calculate the highest common divisor of d and v.
6
Suppose 2*p = 15 + 27. Let x be p/(-14) + 6/4. Suppose -2*m + m + 16 = y, x = -y + 3*m + 4. What is the highest common factor of y and 91?
13
Let t = -580 - -860. What is the highest common divisor of 70 and t?
70
Let r(v) = -3*v**2 - v + 9. Let l be r(7). Let n = 313 + l. Let c(w) = 23*w**3 + w**2. Let q be c(1). Calculate the greatest common divisor of q and n.
24
Suppose -5*k - 61 = 9. Let d = k + 26. Calculate the highest common divisor of d and 6.
6
Let h(k) = 6*k + 1557 + 2*k - 1546. Let g be h(2). What is the greatest common divisor of 243 and g?
27
Let v = 519 + -407. What is the highest common factor of 616 and v?
56
Suppose 4*x - 15 = -x. Suppose -o + 42 = x*a, 2*a - 232 = -5*o - 2*a. Let q(y) = -9*y - 2. Let d be q(-2). Calculate the greatest common divisor of o and d.
16
Suppose 9*l - 5*l - 24 = 0. Suppose -l*o = 105 - 1449. Calculate the greatest common divisor of 28 and o.
28
Let d(b) = -b + 1. Let p be d(-2). Suppose 4*j + 32 = 12*j. Suppose -j*c + 4 = -2*g, -4*g + 8*g = -4*c + 40. Calculate the highest common factor of g and p.
3
Suppose -4*l - 7 + 23 = 0. Suppose 58 = -2*r + l*r. What is the highest common divisor of 58 and r?
29
Suppose 5*o + 4*q - 1304 = 0, 0 = 4*o - 3*o - 2*q - 258. Calculate the greatest common divisor of 104 and o.
52
Let j be 4/12*0 + 1. Let x be 7 - (0 - -3)*1. Suppose l - 5*q - 15 = 0, -2 = -l - l - x*q. What is the greatest common factor of j and l?
1
Let f be (7288/20)/((-6)/(-15)). Suppose -5*y - 226 = -f. Suppose -y = -6*o + 103. Calculate the greatest common factor of 10 and o.
10
Let q = 1 + 7. Let v be 7098/98 - 9/21. Calculate the highest common divisor of q and v.
8
Suppose 0*y - 18135 = -39*y. What is the greatest common factor of 30 and y?
15
Let h be (-1)/((-60)/28 - (-4 - -2)). Let q be (h - (-78)/(-12))*(1 - -27). Let d be 4*7 - (-3 + 3). Calculate the greatest common factor of q and d.
14
Suppose 13*v = 20 + 6. What is the highest common factor of v and 2?
2
Let i be 2 - (-62 + -2) - 1. Let k be -140*(-6)/72*3. Suppose z - k - i = 0. What is the greatest common factor of 40 and z?
20
Let l be 2 + 51/(-15) + (-14)/(-35). Let t be (-9)/l + 6/(-2) - 4. Calculate the highest common divisor of t and 8.
2
Let t(i) = i**3 - 57*i**2 - 54*i - 217. Let s be t(58). Suppose -4*d + 23 = -17. What is the highest common divisor of d and s?
5
Suppose -w + 5 = 4, 2664 = 4*i - 4*w. What is the highest common factor of 58 and i?
29
Suppose 13 - 9 = 2*s. Let i be (6 - 1 - s)/((-3)/(-18)). Calculate the greatest common factor of 144 and i.
18
Let r be 10/(-55) - 6/(-33). Suppose 0*x + 3*x + 9 = r. Let s be (x - (-22)/2)*5. Calculate the highest common divisor of s and 10.
10
Suppose 66612 = 36*n - 8*n. Calculate the greatest common divisor of 39 and n.
39
Suppose -y + 10 = 4*y. Suppose -2*z - 37 = -3*s - 121, 0 = y*z - 4*s - 88. What is the highest common factor of z and 12?
12
Let i(a) be the third derivative of a**4/24 + 7*a**3/2 - 10*a**2 + a. Let k be i(-5). Calculate the greatest common factor of k and 160.
16
Suppose -2*r + 4*m - 5*m = -227, 5*r + 4*m = 566. Calculate the highest common divisor of 266 and r.
38
Suppose 0 = 2*h + 120 - 136. Calculate the greatest common divisor of h and 88.
8
Suppose 0 = 28*o - 243 - 9. Calculate the greatest common factor of 450 and o.
9
Suppose 4*n + 14 = 22. Let w be (0*4/16)/n. Let i = 6 + w. Calculate the highest common divisor of i and 12.
6
Let k(m) = m**3 - 7*m**2 + 3. Let t be k(7). Suppose -j - 13 = -2*y + 1, -4*j = t*y + 1. What is the greatest common divisor of 5 and y?
5
Suppose 2*w - 5*s - 336 = 680, 16 = 4*s. Calculate the greatest common factor of w and 37.
37
Let y = -150 + 170. Suppose 0 = 2*o + 2 - 10. What is the highest common divisor of o and y?
4
Let j = -357 + 369. Calculate the highest common factor of 852 and j.
12
Let m be -30*(-5)/4*84/30. What is the highest common factor of m and 70?
35
Let q = -51 - -53. Let o be q*2 - (125/(-5) + 2). Calculate the greatest common divisor of 9 and o.
9
Suppose -4*w - 22 = w + 3*i, i + 14 = -5*w. Let y be 40 + (-2 - 0 - w). What is the highest common divisor of 16 and y?
8
Suppose q + 18 = 4*q. Let j(g) = -g + 5. Let t be j(3). Suppose -5*a + f = -268, -t*f + 2 = a - 56. What is the highest common factor of a and q?
6
Let d = 1289 + -898. Suppose 4*v - d = b, -b + 3*b - 10 = 0. What is the greatest common divisor of v and 9?
9
Suppose -c - 4*u = -3, 5*c - 18 - 45 = -4*u. Let y be 0 + 78/2 - 2. Let j be (1 - y)/(2/(-5)). Calculate the highest common divisor of c and j.
15
Let v(s) = -s**3 + 3*s**2 - 3*s. Let k be v(2). Let d = k - -1. Let m be 1078/28 + d/(-2). Calculate the greatest common factor of 13 and m.
13
Let d = 27 + -33. Let m(b) = -2*b**2 - 16*b - 15. Let j be m(d). Calculate the highest common factor of j and 21.
3
Suppose 0 = -x + t + 712, -5*t + 42 = x - 688. Suppose x = 6*o - o. Calculate the greatest common divisor of o and 13.
13
Let l(k) = 4*k**2 - 5*k**2 - 1 + 4. Let v be l(3). Let s(w) = -3*w - 2. Let f be s(v). What is the greatest common factor of 32 and f?
16
Let i be (-1352)/(-78)*(2 - 5)*-6. What is the greatest common divisor of i and 36?
12
Suppose 226 = -0*h + 4*h + 2*p, -2*h + 131 = -5*p. Let s = h - 9. What is the greatest common factor of 539 and s?
49
Let j = 260 + -135. What is the highest common divisor of 175 and j?
25
Let v be -37 - (1 - -3 - 2). Let i = 81 + v. What is the highest common factor of 14 and i?
14
Suppose -7*s = -48 - 36. Suppose 9 = -5*r + 829. Let l be (-2)/9 - r/(-9). Calculate the greatest common factor of l and s.
6
Let p(t) = 123*t + 17. Let i be p(-3). Let s be (-1)/(-4) - (-1985)/(-4). Let b = i - s. Calculate the highest common factor of 18 and b.
18
Suppose -3*f = -d - 22, -9 - 9 = -5*f - 3*d. Let v be ((-2)/5)/(2/(-20)). Suppose -v = y - f. What is the greatest common factor of y and 6?
2
Suppose -2*k - 465 = -5*k - i, 2*i + 148 = k. Let a be ((-9)/3 + 0)*1 - -9. Let r be (a/(-75)*5)/(2/(-70)). Calculate the greatest common factor of r and k.
14
Let d = -4 - -16. Suppose d*z + 300 = 17*z. What is the highest common divisor of z and 40?
20
Let z be (6/(-51) - -4) + (-4)/(-34). Suppose -90 = -c - z*c. What is the greatest common factor of c and 45?
9
Let a = -198 + 268. Calculate the greatest common divisor of 28 and a.
14
Suppose 8*l - 4*m - 1608 = 4*l, l - 5*m - 398 = 0. Calculate the greatest common factor of l and 13.
13
Let q(l) = l**3 - 6*l**2 - 2*l + 5. Let s be q(7). Let r = -22 + s. What is the highest common divisor of r and 36?
18
Let u(s) = 4*s + 216. Let w be u(9). Let h(b) = -9*b + 1. Let a be h(-3). What is the greatest common divisor of w and a?
28
Suppose -3*p + 2*z + 3*z = -12, p + 4*z + 13 = 0. Let s be (-1)/(p/29 + 0). What is the highest common divisor of 87 and s?
29
Suppose -5*s - 1193 = -u, -3*u = -0*u - 2*s - 3566. What is the greatest common divisor of u and 18?
18
Let z(k) = k**2 - 10*k - 23. Let h be z(12). Let r be -4*2/4*h*-9. Calculate the greatest common factor of r and 45.
9
Let d = -11 + 92. Let k be (-5)/(-2)*(-20 + -6). Let q = k + 119. What is the greatest common factor of d and q?
27
Let v(s) = s**2 - 11*s - 11. Let x = -2 - -14. Let d be v(x). What is the greatest common factor of 2 and d?
1
Let h = 1007 + -996. What is the highest common divisor of 44 and h?
11
Suppose 23*u = 22*u - 4*d + 186, 688 = 4*u + 2*d. Calculate the highest common factor of u and 102.
34
Let y = 49 + 105. What is the highest common factor of y and 44?
22
Let a be 